mon factor of 96470 and 110.
110
Calculate the greatest common factor of 6 and 243.
3
What is the highest common divisor of 93 and 124?
31
What is the greatest common divisor of 55 and 44?
11
What is the highest common divisor of 8135 and 5?
5
Calculate the greatest common factor of 245 and 196.
49
What is the highest common factor of 1470 and 434?
14
What is the highest common divisor of 1927 and 164?
41
Calculate the greatest common divisor of 116 and 58.
58
Calculate the highest common divisor of 4915 and 10.
5
What is the highest common divisor of 11 and 341?
11
Calculate the highest common factor of 3 and 20.
1
Calculate the greatest common factor of 2244 and 153.
51
What is the greatest common divisor of 187 and 102?
17
Calculate the highest common divisor of 369 and 123.
123
What is the greatest common divisor of 136 and 68?
68
Calculate the greatest common divisor of 1288 and 56.
56
What is the greatest common factor of 4 and 44?
4
Calculate the greatest common factor of 11 and 1375.
11
Calculate the highest common divisor of 180 and 240.
60
What is the greatest common divisor of 144 and 1648?
16
What is the greatest common factor of 29 and 2001?
29
Calculate the greatest common factor of 1339 and 39.
13
What is the greatest common factor of 2 and 2?
2
What is the highest common factor of 12 and 4?
4
What is the greatest common factor of 4898 and 186?
62
Calculate the highest common factor of 5 and 5120.
5
What is the highest common divisor of 428 and 107?
107
Calculate the highest common divisor of 432 and 1488.
48
What is the highest common factor of 462 and 616?
154
What is the greatest common factor of 45 and 735?
15
What is the greatest common divisor of 297 and 1122?
33
Calculate the greatest common divisor of 22 and 8.
2
Calculate the greatest common factor of 234 and 18.
18
What is the greatest common divisor of 590 and 70?
10
What is the highest common factor of 52 and 117?
13
Calculate the highest common divisor of 16 and 1648.
16
What is the highest common factor of 2488 and 4?
4
Calculate the greatest common factor of 846 and 24.
6
Calculate the highest common factor of 88 and 152.
8
What is the greatest common factor of 9979 and 17?
17
Calculate the greatest common factor of 133 and 14.
7
What is the greatest common factor of 855 and 180?
45
Calculate the greatest common factor of 84 and 216.
12
What is the highest common divisor of 18 and 522?
18
Calculate the highest common factor of 19647 and 37.
37
What is the greatest common divisor of 12 and 2316?
12
What is the highest common factor of 124 and 62?
62
What is the greatest common divisor of 96 and 13128?
24
What is the highest common factor of 180 and 8244?
36
What is the highest common factor of 2985 and 45?
15
What is the greatest common divisor of 17 and 24259?
17
Calculate the highest common factor of 20 and 210.
10
What is the greatest common factor of 102 and 6?
6
What is the greatest common factor of 9 and 1791?
9
What is the greatest common divisor of 66 and 33?
33
What is the greatest common factor of 2465 and 435?
145
What is the highest common factor of 294 and 3332?
98
Calculate the highest common divisor of 580 and 50.
10
What is the highest common factor of 3663 and 33?
33
What is the highest common factor of 20 and 16?
4
What is the greatest common divisor of 407 and 148?
37
Calculate the greatest common factor of 108 and 2340.
36
Calculate the highest common divisor of 4818 and 66.
66
What is the highest common divisor of 7327 and 17?
17
Calculate the greatest common factor of 57 and 114.
57
What is the highest common divisor of 131415 and 15?
15
Calculate the greatest common divisor of 8253 and 168.
21
Calculate the greatest common divisor of 11 and 1133.
11
Calculate the greatest common factor of 42 and 126.
42
What is the highest common divisor of 292 and 3577?
73
What is the highest common factor of 322 and 506?
46
What is the highest common factor of 28 and 1498?
14
Calculate the greatest common factor of 840 and 315.
105
What is the highest common divisor of 22 and 10?
2
What is the highest common factor of 30 and 4890?
30
Calculate the greatest common divisor of 156 and 60.
12
Calculate the greatest common divisor of 697 and 1037.
17
What is the greatest common divisor of 171 and 27?
9
What is the greatest common factor of 88 and 32?
8
What is the highest common factor of 216 and 81?
27
What is the greatest common divisor of 115 and 4416?
23
What is the highest common divisor of 174 and 66?
6
Calculate the greatest common divisor of 627 and 99.
33
Calculate the highest common factor of 715 and 220.
55
Calculate the greatest common divisor of 931 and 38.
19
Calculate the greatest common divisor of 79 and 8927.
79
Calculate the highest common factor of 3264 and 30.
6
What is the greatest common factor of 81 and 891?
81
What is the highest common divisor of 51 and 221?
17
What is the highest common factor of 114 and 20938?
38
What is the highest common factor of 16506 and 126?
126
Calculate the highest common divisor of 489 and 9.
3
What is the highest common divisor of 54 and 279?
9
What is the greatest common divisor of 1818 and 18?
18
Calculate the highest common factor of 3346 and 14.
14
What is the highest common factor of 380 and 342?
38
What is the highest common factor of 999 and 74?
37
Calculate the greatest common divisor of 138 and 1702.
46
Calculate the greatest common factor of 258 and 150.
6
What is the highest common divisor of 94 and 6674?
94
What is the highest common divisor of 214 and 6313?
107
What is the greatest common divisor of 134 and 469?
67
Calculate the greatest common factor of 2236 and 52.
52
What is the greatest common factor of 6098 and 6?
2
Calculate the highest common divisor of 124 and 434.
62
What is the greatest common factor of 201 and 4556?
67
Calculate the greatest common divisor of 75 and 105.
15
What is the greatest common factor of 133 and 7?
7
What is the highest common factor of 16 and 124?
4
What is the greatest common factor of 500 and 80?
20
What is the highest common divisor of 18 and 423?
9
What is the greatest common divisor of 10229 and 159?
53
What is the highest common factor of 18 and 168?
6
Calculate the greatest common divisor of 14 and 1904.
14
Calculate the greatest common factor of 12 and 300.
12
What is the greatest common factor of 1340 and 20?
20
What is the greatest common factor of 24 and 3984?
24
Calculate the greatest common factor of 315 and 405.
45
Calculate the highest common factor of 40 and 1160.
40
What is the highest common factor of 363 and 3?
3
Calculate the greatest common factor of 14986 and 118.
118
What is the greatest common factor of 90 and 111?
3
What is the highest common factor of 2013 and 66?
33
What is the greatest common factor of 7 and 49?
7
What is the highest common factor of 2142 and 42?
42
What is the greatest common factor of 160 and 72?
8
What is the highest common factor of 261 and 29?
29
What is the greatest common divisor of 646 and 68?
34
Calculate the greatest common factor of 5052 and 324.
12
Calculate the greatest common factor of 63 and 9.
9
Calculate the greatest common divisor of 1728 and 27.
27
Calculate the greatest common divisor of 19 and 24.
1
Calculate the greatest common divisor of 775 and 75.
25
What is the highest common divisor of 57 and 437?
19
What is the greatest common factor of 15 and 327?
3
What is the greatest common factor of 88 and 66?
22
Calculate the greatest common divisor of 380 and 20.
20
What is the highest common factor of 651 and 93?
93
Calculate the greatest common factor of 363 and 297.
33
Calculate the greatest common factor of 9 and 96.
3
What is the greatest common factor of 21 and 3633?
21
What is the highest common factor of 27 and 9?
9
What is the highest common divisor of 200 and 12?
4
Calculate the highest common divisor of 10 and 855.
5
Calculate the highest common divisor of 9 and 18.
9
Calculate the highest common factor of 232 and 638.
58
What is the highest common factor of 28 and 18284?
28
What is the highest common divisor of 105 and 1722?
21
What is the highest common divisor of 36 and 603?
9
What is the greatest common divisor of 17744 and 16?
16
What is the highest common factor of 3 and 813?
3